 Let i(q) = -1 + 10*q**3 - 6*q**j - q**u - q + 0. Calculate i(-1).
-5
Let d(h) = h + 3. Let c(q) = -3*q + 9. Let u = 60 - 56. Let i be c(u). Calculate d(i).
0
Let m(y) = -y**2 + 9. Let o be (-16)/(-28) - ((-53)/(-7) - 4). What is m(o)?
0
Let j(w) = -w**3 + w - 2 - 3*w + 795*w**2 + 0 - 3*w - 801*w**2. Give j(-6).
28
Suppose -18*p = -13*p - 15. Suppose -p = 5*o - 13. Let w(y) = 3*y**2 + 2*y + 0 - 4*y**2 - 1 - 13*y**o. Give w(1).
-13
Let l(d) = d**3 - 9*d**2 + 18*d - 75. Let w be l(8). Let n(i) be the first derivative of -i**3/3 + 5*i**2/2 - 3*i + 1. Calculate n(w).
-3
Let u = 7 - 18. Let p = u + 10. Let t(f) = -12*f**3 - 4*f**2 + 5*f. Let z(c) = -c**2 + c. Let k(n) = t(n) - 4*z(n). Calculate k(p).
11
Suppose t - 3*t = -46. Let j(p) = -13*p - 6*p + t*p + 2 - 3. Give j(3).
11
Suppose -d + 1 = -4*o, 0 = -5*d - 5*o + 2*o + 97. Let g(v) = -4*v - 33 + d + 23. Suppose 2*y = -y + 15. What is g(y)?
-13
Let q(k) = -k**3 - k**2 + 5*k + 4. Let v be q(-3). Let c(i) = 33*i**2 - 6*i - 17. Let b be c(-4). Let x(g) = -12 + b*g + 3 - 527*g - g**2. What is x(v)?
-2
Let z(s) = -9*s + 158. Let v(o) = 27. Let m(g) = -5*v(g) + z(g). Determine m(3).
-4
Let l(c) = -9*c**3 - c**2 - c. Let t(n) = -2*n**3 - 3*n**2. Let p be t(-2). Suppose 5 = -9*g + p*g. Give l(g).
9
Let s be 4*-6*2/(-8). Let n be (9/s)/(9/24). Let a(o) = -7 + 14 - 9 - o**2 - n*o. Calculate a(-5).
-7
Let v(q) = q**3 + 3*q**2 - q. Let b = -4 - -4. Suppose 0 = 3*p + 6, p + 2 = 5*l - b*p. Let f = l - 3. Determine v(f).
3
Let f(b) be the third derivative of 0*b + 0 - 6*b**2 + 1/120*b**6 - 1/2*b**3 + 5/24*b**4 + 1/12*b**5. Determine f(-4).
-7
Let v(g) = g**2 + 11*g - 3. Let y be v(-12). Let t(s) = -5*s + 9. Give t(y).
-36
Let g(m) be the first derivative of -1/120*m**6 + 0*m - 1/30*m**5 + 3*m**2 + 8 + 1/3*m**3 + 0*m**4. Let j(y) be the second derivative of g(y). Calculate j(-3).
11
Suppose -4*c + v + 17 = -2, 0 = -3*v + 3. Let f(z) be the first derivative of -3*z**2/2 - 2*z - 3. Calculate f(c).
-17
Let m(y) = -11*y**3 + 21*y**2 - 23*y + 2. Let v(x) = -7*x**3 + 14*x**2 - 15*x + 1. Let w be -2*(-5)/30*24. Let f(s) = w*v(s) - 5*m(s). What is f(6)?
4
Let j(w) be the second derivative of 1/20*w**5 + 1/2*w**4 - 20*w - 2/3*w**3 + 0 - 7/2*w**2. What is j(-6)?
17
Let f(a) be the second derivative of -12*a + 0 - a**2 + 5/6*a**3 + 1/12*a**4. Calculate f(-7).
12
Let l(y) be the second derivative of y**4/12 + 2*y**3/3 + 3*y**2/2 - y + 67. What is l(-3)?
0
Let n(q) = q + 13. Let j be (88/(-20))/((-2)/5). Let o(r) = r**3 - 11*r**2 + 10. Let y be o(j). Let p = y - 16. Calculate n(p).
7
Suppose 5 = -2*j + 5*d, -4*j + 5*d = -3 - 2. Let w(i) = 3 + 11*i - 13*i + i. Give w(j).
-2
Let z(b) = -155 + 7*b + 159 + 8*b. Determine z(-3).
-41
Let d(h) = -4*h + 20. Let j be d(5). Let o(t) = -t + 11. What is o(j)?
11
Let i(u) be the second derivative of -13*u**4/12 - u**3/6 + u**2/2 - 11*u + 8. Calculate i(1).
-13
Let j(f) be the second derivative of 2*f**3/3 - 2*f**2 - 711*f. Give j(-6).
-28
Let z be (-12)/(-10)*5 - 2. Suppose -3 = -z*d - 19. Let s(k) = 4*k**2 + 7*k + 2. Let x(i) = 5*i**2 + 7*i + 1. Let v(u) = d*s(u) + 3*x(u). What is v(-5)?
5
Let v = -17 + 11. Let q = -53 - -56. Let g(b) = -2 - b**3 + 6*b**2 + 4*b**3 - 2*b**q. Calculate g(v).
-2
Let m(c) be the third derivative of c**6/120 + 7*c**5/60 + c**4/24 + c**3/2 - 2*c**2. Let x be ((-35)/(-15))/(11/(-33)). Calculate m(x).
-4
Suppose 4*b - 168 = -2*b. Let s = b + -26. Let m(a) = 5*a - 3. Determine m(s).
7
Let v(y) be the first derivative of -1/4*y**4 + 1 + 4*y + 3/2*y**2 + 1/3*y**3. Give v(3).
-5
Suppose 5*a - 7*a = -14*a. Let p(i) = -i**2 + i + 1. Let w(j) be the first derivative of -5*j**3/3 + 2*j**2 + 9*j + 1. Let r(g) = 4*p(g) - w(g). Give r(a).
-5
Let h(j) = j**3 + 9*j**2 + 10*j + 9. Let u be 2/(((-3)/(-30))/((-16)/40)). Calculate h(u).
-7
Let k = -20 + 41. Suppose 5*g - 8*g = -k. Let z(p) = -p**2 + 7*p + 5. What is z(g)?
5
Let v(a) = 4*a - 21. Let n(y) = -15*y + 75. Let l(h) = 5*n(h) + 18*v(h). Suppose -3*t - 12 = t. Determine l(t).
6
Let r = -403 - -411. Let z(p) = p**3 - 7*p**2 - 9*p - 9. Give z(r).
-17
Let m(q) = 9*q**3 + 2*q**2 + 2*q + 1. Suppose 4*g = -5*r + 5*g + 139, -93 = -3*r + 3*g. Let o be (r/(-18))/(2/4). Let a be ((-2)/(-3))/(2/o). What is m(a)?
-8
Let z(a) be the first derivative of -3*a**2/2 + 16*a - 261. Give z(9).
-11
Let b(i) = 8*i - 2. Let j = 85 + -81. Let u(c) = c**3 - 5*c**2 + 5*c - 6. Let x be u(j). What is b(x)?
-18
Let h be (7 + -2)*(-4)/10. Let t(p) = -87*p**2 - 2*p - 1 + p**3 - 1 + 88*p**2. Determine t(h).
-2
Let j = -7 - -20. Let q(z) = -11 - 5 + 2*z + 14. Let h(d) = d - 1. Let u(m) = j*h(m) - 6*q(m). Determine u(-7).
-8
Let t(g) = 18*g - 38*g + 14*g + 14*g. Give t(-4).
-32
Let c be 3*(1 - 4)/(-3). Let i be c/(-2*9/84). Let x = i - -16. Let w(o) = -o**2. What is w(x)?
-4
Let b = -554 - -550. Let u(l) = -2*l - 6. Determine u(b).
2
Suppose -717 = -5*t - 147. Let g = t - 107. Let l(d) = d**3 - 7*d**2 + d - 10. Calculate l(g).
-3
Let n(k) = -3*k**3 + 6*k**2 + 4*k - 3. Let t(j) = -2*j**3 - j**2 + j. Let c(u) = n(u) - t(u). Determine c(7).
18
Let p be 4/(-22) + 3*(-10)/(-165). Let x(m) = -4 + 13*m - m**2 + p - 7*m - 3. Calculate x(5).
-2
Let l(d) = -d**3 + 3*d**2 + 3*d - 21. Let w(j) = -2*j**3 + 5*j**2 + 5*j - 43. Let k(o) = 7*l(o) - 4*w(o). Give k(0).
25
Let q be ((63/(-14))/(-9))/((-1)/(-24)). Let m be (q/9 + -1)*-21. Let w(n) = 3*n + 7. Calculate w(m).
-14
Let u(d) = 50*d**2 - 4*d - 16*d**2 + 9 - 33*d**2. Give u(6).
21
Let f(j) = 2*j + 0 - 3*j + 4 - 2. Let s be 21 - 0 - 8/8. Suppose -2*q + s = 3*q. Calculate f(q).
-2
Suppose -3*j + x = 3*x - 187, -3*j = x - 182. Let i = j + -60. Let n(b) = 4*b**2 - b - 1. Determine n(i).
4
Let v(z) = z**3 - 6*z**2 - 6*z - 5. Let a be v(7). Let g(k) = -24*k + 9*k + k**3 + 7*k**2 + 4 + 4*k + a*k. What is g(-8)?
12
Let r be (-1)/(-2 + 40/(-36) + 3). Let q(o) = 0*o + r*o - 11*o. Calculate q(-9).
18
Let u be 4/(-7) - ((-240)/(-70) + -3). Let f(k) = k + 3. What is f(u)?
2
Let m = 85 - 81. Suppose -5*k - 19 = 3*t, 0 = 2*t - m*k + 3*k + 17. Let c(v) = v**3 + 9*v**2 + 8*v - 4. Calculate c(t).
-4
Let j(g) be the first derivative of -g**4/4 - 8*g**3/3 - 4*g**2 - 5*g + 979. What is j(-7)?
2
Let a be 12/18 + (-2)/3. Let u(d) = -5*d**2 - 17 - d + 2*d**2 + 2*d**2. Give u(a).
-17
Let o(w) = -9*w + 1. Let m = -520 + 523. What is o(m)?
-26
Let i be 4/10 - 7/(35/2). Let p(o) = 0 - 2*o - 1 + i + o. Calculate p(6).
-7
Suppose 3*g - 3*m - 3 = 0, -3*g + g - 4*m = -8. Let l(j) be the first derivative of j + 1/2*j**2 - 2 - 4/3*j**3. Determine l(g).
-13
Let d(z) = z**2 - 18*z + 7. Let s = 314 - 296. Calculate d(s).
7
Let x be 1157/15 + (14/15)/(-7). Let z = x + -80. Let y(j) = -j. Give y(z).
3
Let g(o) = -o**3 + 3*o**2 - 3*o - 3. Let t be 1235/30 + 3/(-18). Suppose -13*j - 2 = -t. What is g(j)?
-12
Let p(h) be the second derivative of -h**4/12 + 7*h**3/6 - h**2/2 + h. Let c be -15*(44/(-10) + 4). Give p(c).
5
Let k(f) = f**3 + f**2 - 5*f + 5. Let z be 2 - (-6 - -6) - 15/3. What is k(z)?
2
Suppose -2*w + 2 = n, -n = 2*n + w - 1. Let c be 0 + 10 - (-2)/(-2). Suppose n = 2*j + c + 1. Let h(t) = t + 1. Calculate h(j).
-4
Let p(u) be the second derivative of u**3/6 + u**2/2 + 5*u. Let m(r) = 13*r**2 - 4*r + 3. Let c be m(1). Let t = -15 + c. What is p(t)?
-2
Suppose -h = -3, -h = -g - 0 + 1. Suppose 2*p + 0*p + 2 = -2*a, 0 = g*a + 16. Let m(v) = p*v - 6 + v**2 + v**2 - 3*v**2 + 2*v. Calculate m(5).
-6
Let v be 1/(-3 + 7/2). Let t be (22/33)/(v/9). Suppose 4 = z - 4*j - 16, z + t*j = -8. Let h(a) = a**2 - 3*a - 4. Calculate h(z).
0
Let h(j) = -j**2 + 19*j. Let q = -1217 + 1236. What is h(q)?
0
Let m(d) = -d - 4. Let f(n) = 24*n**2 + n. Let u be f(-1). Suppose 8*t + u + 33 = 0. Calculate m(t).
3
Let q(v) = -10*v**3 - 2*v**2 + 1. Suppose 4*s + 4*j + 16 = 0, -s - 14 - 10 = 5*j. What is q(s)?
-11
Let p = 90 + -85. Suppose i = 6*i + p. Let v(y) = -12*y**2. What is v(i)?
-12
Suppose -10*w = -8*w + 4. Let x(l) = 14 - 22 + 8*l + 9. What is x(w)?
-15
Let w(h) be the third derivative of -h**4/6 + 13*h**3/6 - 106*h**2 - 4. Determine w(-9).
49
Let x(l) = 21*l - 29*l + 2 - 3 + 2. Determine x(-3).
25
Let w(r) = 2*r**2 - 4*r. Let t(k) = -12 - 9 + 0*k - 2*k + 2. Let m be t(-11). Determine w(m).
6
Let d(i) = -2. Let g(n) = 3*n**2 - 12. Let h(j) = 5*d(j) - g(j). 